d by 41?
22
What is the remainder when 3255937 is divided by 10?
7
What is the remainder when 10621 is divided by 136?
13
Calculate the remainder when 48285 is divided by 314.
243
What is the remainder when 5974 is divided by 1492?
6
What is the remainder when 23463 is divided by 201?
147
What is the remainder when 7444 is divided by 105?
94
What is the remainder when 23126 is divided by 5779?
10
Calculate the remainder when 63082 is divided by 63047.
35
What is the remainder when 175124 is divided by 15919?
15
What is the remainder when 201395 is divided by 484?
51
What is the remainder when 773473 is divided by 5?
3
Calculate the remainder when 132932 is divided by 33204.
116
Calculate the remainder when 2719 is divided by 552.
511
What is the remainder when 22066 is divided by 920?
906
Calculate the remainder when 7669 is divided by 753.
139
Calculate the remainder when 41309 is divided by 54.
53
What is the remainder when 16504 is divided by 4849?
1957
Calculate the remainder when 245637 is divided by 1041.
1002
Calculate the remainder when 552005 is divided by 36799.
20
Calculate the remainder when 9202 is divided by 758.
106
What is the remainder when 14237 is divided by 356?
353
Calculate the remainder when 10852 is divided by 311.
278
Calculate the remainder when 8331 is divided by 111.
6
Calculate the remainder when 963628 is divided by 270.
268
What is the remainder when 1178 is divided by 821?
357
Calculate the remainder when 3092 is divided by 24.
20
Calculate the remainder when 47268 is divided by 31.
24
Calculate the remainder when 615210 is divided by 71.
66
What is the remainder when 3649 is divided by 260?
9
Calculate the remainder when 242437 is divided by 1987.
23
Calculate the remainder when 576415 is divided by 9938.
11
Calculate the remainder when 34465 is divided by 11475.
40
Calculate the remainder when 92514 is divided by 274.
176
What is the remainder when 12642 is divided by 25?
17
Calculate the remainder when 9372 is divided by 130.
12
Calculate the remainder when 53276 is divided by 16.
12
What is the remainder when 28613 is divided by 18?
11
Calculate the remainder when 12216 is divided by 4056.
48
What is the remainder when 16280 is divided by 16278?
2
Calculate the remainder when 1726 is divided by 566.
28
Calculate the remainder when 1867 is divided by 536.
259
What is the remainder when 2181 is divided by 552?
525
What is the remainder when 55616 is divided by 266?
22
Calculate the remainder when 82068 is divided by 753.
744
Calculate the remainder when 365157 is divided by 93.
39
What is the remainder when 69082 is divided by 311?
40
What is the remainder when 114857 is divided by 709?
708
Calculate the remainder when 19703 is divided by 136.
119
Calculate the remainder when 2796 is divided by 744.
564
Calculate the remainder when 44 is divided by 12.
8
What is the remainder when 46647 is divided by 11642?
79
What is the remainder when 82938 is divided by 10?
8
Calculate the remainder when 4318 is divided by 39.
28
What is the remainder when 50423 is divided by 2191?
30
What is the remainder when 1243 is divided by 1171?
72
Calculate the remainder when 46071 is divided by 5118.
9
Calculate the remainder when 162728 is divided by 21.
20
What is the remainder when 4078 is divided by 1988?
102
Calculate the remainder when 128696 is divided by 715.
711
What is the remainder when 3730 is divided by 197?
184
Calculate the remainder when 652289 is divided by 1186.
1175
What is the remainder when 8882 is divided by 287?
272
What is the remainder when 64949 is divided by 32399?
151
What is the remainder when 58818 is divided by 68?
66
Calculate the remainder when 67787 is divided by 177.
173
Calculate the remainder when 119120 is divided by 418.
408
Calculate the remainder when 37193 is divided by 75.
68
What is the remainder when 147978 is divided by 461?
458
Calculate the remainder when 22206 is divided by 527.
72
What is the remainder when 3039 is divided by 503?
21
Calculate the remainder when 52115 is divided by 19.
17
Calculate the remainder when 796 is divided by 652.
144
What is the remainder when 5955 is divided by 1974?
33
Calculate the remainder when 2456756 is divided by 354.
350
What is the remainder when 379204 is divided by 428?
424
Calculate the remainder when 5269 is divided by 4808.
461
What is the remainder when 517336 is divided by 99?
61
Calculate the remainder when 8071 is divided by 169.
128
What is the remainder when 9932 is divided by 147?
83
Calculate the remainder when 115220 is divided by 236.
52
Calculate the remainder when 342 is divided by 50.
42
What is the remainder when 35851 is divided by 7160?
51
Calculate the remainder when 20838 is divided by 2075.
88
Calculate the remainder when 10637 is divided by 23.
11
Calculate the remainder when 137246 is divided by 742.
718
What is the remainder when 8857048 is divided by 2055?
2053
What is the remainder when 81200 is divided by 40597?
6
What is the remainder when 55519 is divided by 424?
399
What is the remainder when 42857 is divided by 33?
23
What is the remainder when 102249 is divided by 2621?
30
Calculate the remainder when 6824 is divided by 483.
62
What is the remainder when 52093 is divided by 345?
343
Calculate the remainder when 7430 is divided by 20.
10
Calculate the remainder when 172291 is divided by 809.
783
Calculate the remainder when 15983 is divided by 72.
71
What is the remainder when 128994 is divided by 38?
22
Calculate the remainder when 918238 is divided by 80.
78
What is the remainder when 3780 is divided by 4?
0
What is the remainder when 1275 is divided by 79?
11
What is the remainder when 718 is divided by 461?
257
What is the remainder when 9354 is divided by 27?
12
What is the remainder when 47987 is divided by 177?
20
Calculate the remainder when 712 is divided by 7.
5
Calculate the remainder when 3714 is divided by 24.
18
What is the remainder when 40031 is divided by 104?
95
Calculate the remainder when 1518 is divided by 137.
11
What is the remainder when 1584 is divided by 1002?
582
What is the remainder when 32463 is divided by 1708?
11
Calculate the remainder when 40015 is divided by 889.
10
What is the remainder when 260231 is divided by 26022?
11
Calculate the remainder when 218320 is divided by 9.
7
Calculate the remainder when 521 is divided by 21.
17
What is the remainder when 4419 is divided by 95?
49
What is the remainder when 15964 is divided by 18?
16
Calculate the remainder when 2963 is divided by 2852.
111
Calculate the remainder when 62248 is divided by 384.
40
Calculate the remainder when 59972 is divided by 102.
98
Calculate the remainder when 1579 is divided by 172.
31
Calculate the remainder when 70646 is divided by 775.
121
What is the remainder when 4176 is divided by 61?
28
Calculate the remainder when 2604 is divided by 258.
24
What is the remainder when 131204 is divided by 5?
4
Calculate the remainder when 239677 is divided by 16.
13
What is the remainder when 7677 is divided by 7676?
1
What is the remainder when 6189 is divided by 1603?
1380
Calculate the remainder when 83664 is divided by 146.
6
Calculate the remainder when 198489 is divided by 9924.
9
Calculate the remainder when 376765 is divided by 25.
15
Calculate the remainder when 1403 is divided by 136.
43
Calculate the remainder when 6900 is divided by 150.
0
What is the remainder when 61437 is divided by 735?
432
Calculate the remainder when 152491 is divided by 19.
16
Calculate the remainder when 3063 is divided by 145.
18
Calculate the remainder when 1212 is divided by 560.
92
Calculate the remainder when 41243 is divided by 1718.
11
Calculate the remainder when 101270 is divided by 194.
2
What is the remainder when 1308141 is divided by 61?
57
Calculate the remainder when 157291 is divided by 208.
43
What is the remainder when 3003 is divided by 2967?
36
Calculate the remainder when 12848 is divided by 1091.
847
What is the remainder when 222661 is divided by 161?
159
Calculate the remainder when 4264 is divided by 384.
40
What is the remainder when 18519 is divided by 193?
184
Calculate the remainder when 170910 is divided by 42702.
102
Calculate the remainder when 50254 is divided by 25126.
2
Calculate the remai